{"id":49,"date":"2016-08-30T15:40:12","date_gmt":"2016-08-30T13:40:12","guid":{"rendered":"http:\/\/uwg-neumarkt-sankt-veit.de\/?page_id=49"},"modified":"2016-09-06T00:22:57","modified_gmt":"2016-09-05T22:22:57","slug":"geschichte","status":"publish","type":"page","link":"https:\/\/uwg-neumarkt-sankt-veit.de\/?page_id=49","title":{"rendered":"Geschichte"},"content":{"rendered":"<div class=\"con-mitte-left\">\n<div id=\"c254\" class=\"csc-default\">\n<div class=\"csc-textpic-text\">\n<p>Die UWG in Neumarkt-St.Veit ist ein Kind der neuen Demokratie. Viele verschiedene Gruppierungen bewerben sich ab 1948 bei den ersten freien Kommunalwahlen in Neumarkt-St.Veit, darunter SPD, Bund der Vertriebenen, CSU, Bayernpartei, Notgemeinschaft und andere. F\u00fcr die Wahl 1952 bildet sich im November 1951 eine \u201cUnabh\u00e4ngige W\u00e4hlergemeinschaft\u201d, die im Neumarkter Anzeiger wie folgt beschrieben wird: \u201cAuch in Neumarkt-St.Veit wurde eine unabh\u00e4ngige W\u00e4hlergemeinschaft ins Leben gerufen. Wenn die n\u00f6tigen Vorbereitungen erledigt und noch mehr Interessenten gefunden sind, wir die neue W\u00e4hlergruppe auch an die \u00d6ffentlichkeit gehen\u201d.<\/p>\n<p>Diese Christlich Unparteiische W\u00e4hlerschaft (CUW) bringt 1952 mit Karl Hein und Bartholom\u00e4us Westermaier zwei ihrer Kandidaten in den damaligen Marktgemeinderat. Als Ersatzleute stehen Andreas Ege und August Spirkl zur Verf\u00fcgung. Bereits in der n\u00e4chsten Kommunalwahl 1956 gibt es keine CUW mehr; der 1955 in Neumarkt-St.Veit gegr\u00fcndete Ortsverband der CSU d\u00fcrfte der Hauptgrund gewesen sein.<\/p>\n<p>In der Kommunalwahl 1956 treten neben den Parteien SPD und CSU zwei weitere Gruppierungen an, n\u00e4mlich die \u201c\u00dcberparteiliche W\u00e4hlergruppe Mittelstand und Arbeit\u201d und die Liste \u201cUnabh\u00e4ngiger B\u00fcrgerblock &#8211; Bayernpartei &#8211; Heimatvertriebene\u201d. Beide W\u00e4hlergruppen ziehen mit 7 Stadtr\u00e4ten in das Neumarkter Parlament ein und stellen mit Karl Wintermeier (BP) sogar den B\u00fcrgermeister. Einer der neuen Stadtr\u00e4te ist Max Neumeier.<\/p>\n<p>F\u00fcr die Wahlen 1960 wird nach dem langsamen Niedergang der Bayernpartei und den anderen parteilosen Gruppierungen die \u201cUnabh\u00e4ngige W\u00e4hlergemeinschaft\u201d abgek\u00fcrzt UWG gegr\u00fcndet.<\/p>\n<p><img loading=\"lazy\" decoding=\"async\" class=\"aligncenter\" src=\"http:\/\/www.uwg-neumarkt.de\/fileadmin\/_migrated\/RTE\/RTEmagicC_Gruendungsvers_.jpg.jpg\" alt=\"\" width=\"610\" height=\"717\" \/><\/p>\n<\/div>\n<\/div>\n<\/div>\n<div class=\"con-mitte-left\">\n<div id=\"c303\" class=\"csc-default\">\n<h1>Der Neumarkter Anzeiger berichtete damals:<\/h1>\n<div class=\"csc-textpic csc-textpic-intext-right\">\n<div class=\"csc-textpic-imagewrap\">\n<div class=\"csc-textpic-image csc-textpic-last\"><img loading=\"lazy\" decoding=\"async\" class=\"aligncenter\" src=\"http:\/\/www.uwg-neumarkt.de\/fileadmin\/_migrated\/pics\/MaxNeumeier_201972.jpg\" alt=\"\" width=\"268\" height=\"380\" border=\"0\" \/><\/div>\n<\/div>\n<div class=\"csc-textpic-text\">\n<p><i>&#8222;In der \u00fcberf\u00fcllten Gr\u00fcndungsversammlung der UWG in Neumarkt erkl\u00e4rte der Einberufer der Versammlung, Stadtrat Max Neumeier, es gehe darum die UWG neu zu formen. Die Stadtr\u00e4te der neuen UWG seien verpflichtet, mindestens einmal im Jahr \u00f6ffentlich einen Rechenschaftsbericht abzulegen, denn die W\u00e4hler wollen wissen, was im Stadtrat getan wird. In Neumarkt-St.Veit arbeiten drei politische Parteien (CSU, SPD, BP) auf Bundes- oder Landesebene. Da sie aber nur wenige Mitglieder in der Stadt h\u00e4tten, sei die Auswahl geeigneter Kandidaten sehr schwer, w\u00e4hrend die UWG auf breitester Basis entsprechende Pers\u00f6nlichkeiten zur Verf\u00fcgung habe. Nach der Gr\u00fcndung der UWG trugen sich im weiteren Versammlungsverlauf von den etwas \u00fcber 100 Anwesende 75 als Mitglieder ein. Rasch ging unter der Leitung von Rudolf Angermeier die Wahl vor sich. Dabei wurde Max Neumeier Obmann der UWG, Stadtrat Xaver Saller Protokollf\u00fchrer und Vertrauensleute: Rudolf Angermeier, Josef Kaiser, Fritz Weber, Schorsch Windhager, Otto Asbeck und Frau Annemarie Fritz. Anschlie\u00dfend erfolgte die Kandidatenaufstellung f\u00fcr die Stadtratswahlen 1960.&#8220;<\/i><\/p>\n<p>Mit vier M\u00e4nnern zieht die UWG in den Neumarkter Stadtrat ein und stellen mit Xaver Saller sogar zum 2. B\u00fcrgermeister. Seit dieser Zeit kandidieren bei jeder Kommunalwahl Mitglieder der UWG Neumarkt-St.Veit und bestimmen die Stadtpolitik mit. Treibender Kern blieb bis 1984 der Obmann Max Neumeier, der von 1960 bis 1984 als B\u00fcrgermeisterkandidat und UWG-Fraktionsvorsitzender der gro\u00dfe Gegenspieler der m\u00e4chtigen Orts-CSU war.<\/p>\n<\/div>\n<\/div>\n<\/div>\n<\/div>\n<div class=\"con-mitte-left\">\n<div id=\"c304\" class=\"csc-default\">\n<h1>Der erste UWG-B\u00fcrgermeister<\/h1>\n<div class=\"csc-textpic csc-textpic-intext-right\">\n<div class=\"csc-textpic-imagewrap\">\n<div class=\"csc-textpic-image csc-textpic-last\"><img loading=\"lazy\" decoding=\"async\" class=\"aligncenter\" src=\"http:\/\/www.uwg-neumarkt.de\/fileadmin\/_migrated\/pics\/Berghammer__20Rudi_01.jpg\" alt=\"\" width=\"276\" height=\"364\" border=\"0\" \/><\/div>\n<\/div>\n<div class=\"csc-textpic-text\">\n<p>1972 betrat mit Stadtrat Rudi Berghammer eines neues Gesicht die politische B\u00fchne in Neumarkt-St.Veit. 1984 wird er als B\u00fcrgermeisterkandidat der UWG gegen den damals favorisierten CSU-Mann Lorenz Wastlhuber ins Rennen geschickt und gewinnt \u00fcberraschend die Wahl. Von 1984 an arbeitet Rudi Berghammer erfolgreich als B\u00fcrgermeister von Neumarkt-St.Veit und wird in den Wahlen 1990 und 1996 jedesmal mit absoluter Mehrheit wiedergew\u00e4hlt. Nach seinem Dienstende 2002 folgt mit Erwin Baumgartner, ein weiterer Mann der UWG Neumarkt-St.Veit auf dem B\u00fcrgermeistersessel. Wie sein Vorg\u00e4nger gewinnt er die B\u00fcrgermeisterwahl mit absoluter Mehrheit (55,7 %).<\/p>\n<\/div>\n<\/div>\n<\/div>\n<\/div>\n","protected":false},"excerpt":{"rendered":"<p>Die UWG in Neumarkt-St.Veit ist ein Kind der neuen Demokratie. Viele verschiedene Gruppierungen bewerben sich ab 1948 bei den ersten freien Kommunalwahlen in Neumarkt-St.Veit, darunter SPD, Bund der Vertriebenen, CSU, Bayernpartei, Notgemeinschaft und andere. F\u00fcr die Wahl 1952 bildet sich im November 1951 eine \u201cUnabh\u00e4ngige W\u00e4hlergemeinschaft\u201d, die im Neumarkter Anzeiger wie folgt beschrieben wird: \u201cAuch &hellip; <\/p>\n<p><a class=\"more-link btn\" href=\"https:\/\/uwg-neumarkt-sankt-veit.de\/?page_id=49\">Weiterlesen<\/a><\/p>\n","protected":false},"author":1,"featured_media":0,"parent":0,"menu_order":0,"comment_status":"closed","ping_status":"closed","template":"","meta":{"footnotes":""},"class_list":["post-49","page","type-page","status-publish","hentry","nodate","item-wrap"],"rttpg_featured_image_url":null,"rttpg_author":{"display_name":"UWG-Admin","author_link":"https:\/\/uwg-neumarkt-sankt-veit.de\/?author=1"},"rttpg_comment":0,"rttpg_category":null,"rttpg_excerpt":"Die UWG in Neumarkt-St.Veit ist ein Kind der neuen Demokratie. Viele verschiedene Gruppierungen bewerben sich ab 1948 bei den ersten freien Kommunalwahlen in Neumarkt-St.Veit, darunter SPD, Bund der Vertriebenen, CSU, Bayernpartei, Notgemeinschaft und andere. F\u00fcr die Wahl 1952 bildet sich im November 1951 eine \u201cUnabh\u00e4ngige W\u00e4hlergemeinschaft\u201d, die im Neumarkter Anzeiger wie folgt beschrieben wird: \u201cAuch&hellip;","_links":{"self":[{"href":"https:\/\/uwg-neumarkt-sankt-veit.de\/index.php?rest_route=\/wp\/v2\/pages\/49","targetHints":{"allow":["GET"]}}],"collection":[{"href":"https:\/\/uwg-neumarkt-sankt-veit.de\/index.php?rest_route=\/wp\/v2\/pages"}],"about":[{"href":"https:\/\/uwg-neumarkt-sankt-veit.de\/index.php?rest_route=\/wp\/v2\/types\/page"}],"author":[{"embeddable":true,"href":"https:\/\/uwg-neumarkt-sankt-veit.de\/index.php?rest_route=\/wp\/v2\/users\/1"}],"replies":[{"embeddable":true,"href":"https:\/\/uwg-neumarkt-sankt-veit.de\/index.php?rest_route=%2Fwp%2Fv2%2Fcomments&post=49"}],"version-history":[{"count":3,"href":"https:\/\/uwg-neumarkt-sankt-veit.de\/index.php?rest_route=\/wp\/v2\/pages\/49\/revisions"}],"predecessor-version":[{"id":311,"href":"https:\/\/uwg-neumarkt-sankt-veit.de\/index.php?rest_route=\/wp\/v2\/pages\/49\/revisions\/311"}],"wp:attachment":[{"href":"https:\/\/uwg-neumarkt-sankt-veit.de\/index.php?rest_route=%2Fwp%2Fv2%2Fmedia&parent=49"}],"curies":[{"name":"wp","href":"https:\/\/api.w.org\/{rel}","templated":true}]}}