{"id":455,"date":"2016-12-27T21:24:01","date_gmt":"2016-12-27T20:24:01","guid":{"rendered":"http:\/\/uwg-neumarkt-sankt-veit.de\/?page_id=455"},"modified":"2024-02-02T16:07:05","modified_gmt":"2024-02-02T15:07:05","slug":"kontakt","status":"publish","type":"page","link":"https:\/\/uwg-neumarkt-sankt-veit.de\/?page_id=455","title":{"rendered":"Kontakt"},"content":{"rendered":"<p style=\"text-align: center;\">Derzeit ist kein Kontaktformular auf der Internetpr\u00e4senz der UWG Neumarkt-Sankt Veit eingerichtet.<\/p>\n<p style=\"text-align: center;\">Sie haben aber die M\u00f6glichkeit per E-Mail mit uns Kontakt auf zu nehmen!<\/p>\n<p style=\"text-align: center;\"><a href=\"mailto:kontakt@uwg-neumarkt-sankt-veit.de\"><img loading=\"lazy\" decoding=\"async\" class=\"aligncenter wp-image-464 size-thumbnail\" src=\"http:\/\/uwg-neumarkt-sankt-veit.de\/wp-content\/uploads\/2016\/12\/12462-200-150x150.png\" width=\"150\" height=\"150\" \/><\/a><\/p>\n<h2 style=\"text-align: center;\"><span style=\"text-decoration: underline; font-size: 16px; background-color: #ffff00;\">michael-laechele@gmx.de<\/span><\/h2>\n<p style=\"text-align: left;\"><strong>Weitere Kontaktm\u00f6glichkeiten:<\/strong><\/p>\n<p style=\"text-align: left;\">Berg 1a<\/p>\n<p style=\"text-align: left;\">84494 Neumarkt-Sankt Veit<\/p>\n<p style=\"text-align: left;\">Telefon: 0151\/10668468<\/p>\n<p style=\"text-align: left;\">\n","protected":false},"excerpt":{"rendered":"<p>Derzeit ist kein Kontaktformular auf der Internetpr\u00e4senz der UWG Neumarkt-Sankt Veit eingerichtet. Sie haben aber die M\u00f6glichkeit per E-Mail mit uns Kontakt auf zu nehmen! michael-laechele@gmx.de Weitere Kontaktm\u00f6glichkeiten: Berg 1a 84494 Neumarkt-Sankt Veit Telefon: 0151\/10668468<\/p>\n","protected":false},"author":1,"featured_media":0,"parent":0,"menu_order":0,"comment_status":"closed","ping_status":"closed","template":"","meta":{"footnotes":""},"class_list":["post-455","page","type-page","status-publish","hentry","nodate","item-wrap"],"rttpg_featured_image_url":null,"rttpg_author":{"display_name":"UWG-Admin","author_link":"https:\/\/uwg-neumarkt-sankt-veit.de\/?author=1"},"rttpg_comment":0,"rttpg_category":null,"rttpg_excerpt":"Derzeit ist kein Kontaktformular auf der Internetpr\u00e4senz der UWG Neumarkt-Sankt Veit eingerichtet. Sie haben aber die M\u00f6glichkeit per E-Mail mit uns Kontakt auf zu nehmen! michael-laechele@gmx.de Weitere Kontaktm\u00f6glichkeiten: Berg 1a 84494 Neumarkt-Sankt Veit Telefon: 0151\/10668468","_links":{"self":[{"href":"https:\/\/uwg-neumarkt-sankt-veit.de\/index.php?rest_route=\/wp\/v2\/pages\/455","targetHints":{"allow":["GET"]}}],"collection":[{"href":"https:\/\/uwg-neumarkt-sankt-veit.de\/index.php?rest_route=\/wp\/v2\/pages"}],"about":[{"href":"https:\/\/uwg-neumarkt-sankt-veit.de\/index.php?rest_route=\/wp\/v2\/types\/page"}],"author":[{"embeddable":true,"href":"https:\/\/uwg-neumarkt-sankt-veit.de\/index.php?rest_route=\/wp\/v2\/users\/1"}],"replies":[{"embeddable":true,"href":"https:\/\/uwg-neumarkt-sankt-veit.de\/index.php?rest_route=%2Fwp%2Fv2%2Fcomments&post=455"}],"version-history":[{"count":9,"href":"https:\/\/uwg-neumarkt-sankt-veit.de\/index.php?rest_route=\/wp\/v2\/pages\/455\/revisions"}],"predecessor-version":[{"id":1290,"href":"https:\/\/uwg-neumarkt-sankt-veit.de\/index.php?rest_route=\/wp\/v2\/pages\/455\/revisions\/1290"}],"wp:attachment":[{"href":"https:\/\/uwg-neumarkt-sankt-veit.de\/index.php?rest_route=%2Fwp%2Fv2%2Fmedia&parent=455"}],"curies":[{"name":"wp","href":"https:\/\/api.w.org\/{rel}","templated":true}]}}